et h be x(3). Let m(z) = z**3 - 4*z**2 - 4*z + 14. What are the prime factors of m(h)?
2, 31
Suppose 3*t = -3, 18*t - 21*t - 1042 = -n. What are the prime factors of n?
1039
What are the prime factors of (-7)/((-14)/18968)*6/24?
2371
Suppose 2*o + 3*l - 118 = 7*l, 0 = -4*o - 3*l + 291. What are the prime factors of 3 - 2/(-1)*o?
3, 47
Let t(d) = d**2 - 1. Let v be t(-2). Suppose v*l - 4*l + 68 = 0. What are the prime factors of l?
2, 17
Let h be ((-9)/6)/((-9)/12). Let t = 6 + h. Suppose 4 = -7*q + t*q. What are the prime factors of q?
2
Let n be 16/9 - (-10)/45. Suppose 4*h = -2*v + 386, -n*h + 34 = 4*v - 150. Suppose -5*a - 5*u = -110, -5*a - u = -2*u - h. What are the prime factors of a?
2, 5
Suppose 3*q + 13 = 106. Let h = 69 + q. List the prime factors of h.
2, 5
Let x = 606 + -297. List the prime factors of x.
3, 103
What are the prime factors of 235875/68 + -3 - (-1)/4?
2, 1733
Let y(z) = z**3 + 15*z**2 - 2*z + 23. Let u be y(-15). Let i = -13 - -6. Let h = u + i. List the prime factors of h.
2, 23
Suppose -5*x - 2*r = -86, -x - 2*x = 2*r - 54. List the prime factors of x.
2
Let z = 68 + -77. Let x(w) be the third derivative of -w**6/120 - w**5/6 - w**4/2 - 4*w**3/3 + 2*w**2. List the prime factors of x(z).
19
Let x be 2/(-12) - 124/(-24). Suppose -x*b - 26 = -4*k, 3*b + 3 = 3*k - 15. List the prime factors of k/(-18) - 1038/(-54).
19
Let l be 1 + 224 + 4/1. Let x = -16 + l. What are the prime factors of x/2*8/12?
71
Let s(g) be the second derivative of 7*g**4/6 - g**3 + 7*g**2/2 - 9*g. Let f be s(3). Suppose q - 2 + 1 = -5*n, 3*n - f = -5*q. List the prime factors of q.
2, 13
Let f(x) = 17*x**2 + 16*x + 21. What are the prime factors of f(10)?
3, 11, 19
Suppose -2*c + 230 = 4*k, 0 = -3*k - c + 212 - 41. List the prime factors of k.
2, 7
Suppose -5 - 3 = -4*m. Suppose 671 = 9*b + m*b. What are the prime factors of b?
61
Let t(p) = p - 3. Let o(f) = 8*f + 8. Let m(w) = w**2 + w - 1. Let i(g) = m(g) + o(g). Let x be i(-10). List the prime factors of t(x).
2, 7
Let m(p) = -p**2 + 10*p - 8. Let z = 10 + -10. Let j = z - -7. List the prime factors of m(j).
13
Let j(c) = -c**2 - 6*c**3 - 8*c**3 - 3 + 5*c**3 - 6*c. What are the prime factors of j(-2)?
7, 11
Let s be ((-8)/(-24))/(1/15). Suppose -l - 9 = -3*n, -11 = -s*n + 4*l - 3. Suppose -2*r - 5*p = -49, 58 = -r + 3*r - n*p. What are the prime factors of r?
3
Let v = 42 + -39. Suppose 0*m = -v*m + 225. What are the prime factors of m?
3, 5
Let l(y) = -y**3 + 6*y**2 - 3*y + 1. Let q be l(5). Let d be (9 + -3)*4/6. Let p = q + d. List the prime factors of p.
3, 5
Let k(a) = -32*a - 12. Let v(s) = -s. Let x(t) = k(t) + 3*v(t). What are the prime factors of x(-4)?
2
List the prime factors of 201394/101 + -1*5.
3, 13, 17
Let k be (-2)/3*-3 + 0. Let z = 2 + k. Suppose 50 = 3*p + 2*f - 3*f, 0 = -3*p - z*f + 40. What are the prime factors of p?
2
Suppose 245*a = 241*a + 360. List the prime factors of a.
2, 3, 5
Let j(z) = 17*z**2 - 84*z - 24. What are the prime factors of j(-7)?
11, 127
Let c(y) be the second derivative of -y**4/12 - 7*y**3/3 + 4*y**2 - 6*y. List the prime factors of c(-11).
41
Let l(k) = k**3 - 3*k**2 + 2*k - 2. Let u be l(3). Suppose 0 = u*z - 7 - 9. List the prime factors of ((-48)/3)/z - -22.
2, 3
Suppose 2*q + 8 = 5*y - q, 0 = -5*y + 4*q + 4. List the prime factors of y/(-18) - (-55648)/288.
193
Let r(w) = -24*w - 7. Let x(g) = -12*g - 3. Let i(h) = 2*r(h) - 5*x(h). List the prime factors of i(1).
13
Let a be (-14)/(-56) + (-437)/4. Let g = a + 178. List the prime factors of g.
3, 23
Let i be (-3 - 35/(-10))*8. Let a(w) = w**3 - 4*w**2 + 2*w - 4. Let l be a(4). Suppose 88 = l*h - i*g, -2*h = g - 0*g - 41. What are the prime factors of h?
3, 7
Let k be 1/2 - 5/10. Let u be (-9 - -3) + (-1 - k). Let d = 15 + u. What are the prime factors of d?
2
Suppose 2*h - 303 = 117. What are the prime factors of h?
2, 3, 5, 7
Suppose -51*f + 9192 = -48*f. What are the prime factors of f?
2, 383
Let u = 110 + -46. Let h(d) = d**3 - 2*d**2 - 2*d. Let n be h(3). List the prime factors of u + (-12)/n + 1.
61
Suppose -46 = -3*x + 101. Let w = x + -27. List the prime factors of w.
2, 11
Let d(i) = i**2 + 2*i + 34. Let g = 26 - 12. What are the prime factors of d(g)?
2, 3, 43
Let z = -18 - -9. Let y(m) = m**2 + 4*m + 11. What are the prime factors of y(z)?
2, 7
List the prime factors of (1*(-3924)/(-8))/(24/64).
2, 3, 109
Suppose 1668 = 6*f - 1596. List the prime factors of f.
2, 17
Let s(q) = 13*q - 6. Let v be s(5). Suppose 0 = -4*t + 3*t + 2*b + v, 3*t - 197 = b. List the prime factors of t.
67
Suppose 0 = -6*r + 3*r - 6. Suppose -3*q = -q - 8. Let x = q + r. What are the prime factors of x?
2
Let g(l) = 10*l + 321. List the prime factors of g(0).
3, 107
Let i(c) = c**2 - c - 27. Let t be i(-5). Suppose 4*q - 91 = 5*j, -t*j = -2*q - j + 46. List the prime factors of q.
2, 3
Suppose r - 2*r = -3*l + 318, -4*l - 3*r = -437. Let y = -9 + l. What are the prime factors of y?
2, 7
List the prime factors of -173*(3 + 1 + -7).
3, 173
Suppose -8*d + 5*d + 9 = b, b + 19 = 4*d. Suppose 2*y - 30 = -4*k, 27 = d*k + 3*y - 2*y. What are the prime factors of k?
2, 3
Let p(m) = -m**3 + 9*m**2 - 9*m + 10. Let c be p(6). Suppose 2*h - c = 5*k + 226, 0 = -3*h + 4*k + 442. What are the prime factors of h?
2, 3, 5
Suppose -2*t = -3*r - 1033, -2418 - 196 = -5*t - 3*r. What are the prime factors of t?
521
Let n(k) = 3*k**2 - 6*k - 9. Let y be n(-6). Suppose -748 = -139*u + y*u. List the prime factors of u.
11, 17
Let k(i) = -13*i - 14. Let p(t) = 13*t + 15. Let u(b) = 3*k(b) + 2*p(b). What are the prime factors of u(-9)?
3, 5, 7
Let p = -1 - -3. Let w be (p + 6)/(4/2). Suppose -w*j - 2*z + 0*z + 38 = 0, -3*z - 23 = -4*j. What are the prime factors of j?
2
Let g(z) = -36*z. Suppose c = 2*c - 1. Let u be g(c). What are the prime factors of (-1 - u) + 27/9?
2, 19
Let v(y) = -2*y + 1. Let j be v(-1). Let i = -132 + 87. What are the prime factors of -4*(i/4 + j)?
3, 11
Suppose -6055 = 1192*x - 1199*x. List the prime factors of x.
5, 173
Let q(f) = -f**3 - 6*f**2 + 13. Let n = 32 - 38. List the prime factors of q(n).
13
Let d be (-7 - 1)*(-2 - -6). Let a = d + 10. Let i = 51 + a. List the prime factors of i.
29
Suppose 247 = 4*p - 5*t, 3*p = 2*p - 4*t + 67. What are the prime factors of p?
3, 7
Suppose 16*n = -14*n + 31500. List the prime factors of n.
2, 3, 5, 7
Let n = -10 + 12. Let r(c) = n*c**2 + 3*c**2 + c + 3*c - c**2. List the prime factors of r(-3).
2, 3
Let y be -3 - (-4 + 0/(-2)). Let f(u) = -22*u - 6. Let w(m) = 1. Let p(s) = -f(s) - 4*w(s). List the prime factors of p(y).
2, 3
Let x(l) = -25*l - 86. List the prime factors of x(-21).
439
Let m = 582 - -3820. List the prime factors of m.
2, 31, 71
Suppose -43*f - 3615 = -58*f. List the prime factors of f.
241
Let g(u) = 3*u**2 - 42*u + 225. List the prime factors of g(5).
2, 3, 5
Let g(u) = 40*u**2 - 10*u + 55. Let l(q) = 8*q**2 - 2*q + 11. Let a(r) = -2*g(r) + 11*l(r). List the prime factors of a(-4).
3, 7
Let c(l) = -1. Let i(p) = -30*p + 4. Let b(s) = -5*c(s) + i(s). What are the prime factors of b(-3)?
3, 11
Let l be (6 + -5 - (-1)/(-2))*10. Suppose 2*i - l*i + 165 = 0. List the prime factors of i.
5, 11
Let w(g) = -g**3 - 6*g**2 + 2*g + 6. Let q be w(-6). Let d(s) = -s - 7. Let i be d(q). What are the prime factors of -8*(-2)/(-4)*i?
2
Suppose 10*h - 5*h + 2*n = 1786, -3*h = n - 1072. List the prime factors of h.
2, 179
Let d(n) = -3 + 3*n**3 - 5*n**3 - n**2 + 0 + n + n. Let q be d(-3). Let p = q + -21. List the prime factors of p.
3, 5
Suppose 0 = -44*c + 12*c + 71424. What are the prime factors of c?
2, 3, 31
Let r(y) = -31*y + 22. Let g be r(-9). List the prime factors of g/(-28)*(2*-1 - 2).
43
Let o = 36 - 26. Suppose 4*u - 62 - o = 0. List the prime factors of u.
2, 3
What are the prime factors of 2798 + 19 - (-40)/(-5)?
53
Let x be 0/(-8) + 1*22. Suppose -94 - x = -4*y. What are the prime factors of y?
29
List the prime factors of 5181/(-2)*40/(-60).
11, 157
Let t = 3461 + -2368. What are the prime factors of t?
1093
Let b be 1*4*1/2. Suppose b*v - 1 = 17. Suppose -v - 8 = -w. List the prime factors of w.
17
Let q(v) = -2*v - 12. Let w be q(-7). Suppose 0 = w*r + t - 219, -t + 123 + 318 = 4*r. List the prime factors of r.
3, 37
Suppose 0 = -3*c + 6, 